{"id":8396,"date":"2025-05-25T20:56:59","date_gmt":"2025-05-25T20:56:59","guid":{"rendered":"https:\/\/camarabaependi.mg.gov.br\/v4\/?page_id=8396"},"modified":"2025-05-27T18:02:00","modified_gmt":"2025-05-27T18:02:01","slug":"prestacao-de-contas","status":"publish","type":"page","link":"https:\/\/camarabaependi.mg.gov.br\/v4\/prestacao-de-contas\/","title":{"rendered":"Presta\u00e7\u00e3o de Contas do Munic\u00edpio"},"content":{"rendered":"<div id=\"tdi_1\" class=\"tdc-row\"><div class=\"vc_row tdi_2  wpb_row td-pb-row\" >\n<style scoped>\n\n\/* custom css *\/\n.tdi_2,\r\n                .tdi_2 .tdc-columns{\r\n                    min-height: 0;\r\n                }.tdi_2,\r\n\t\t\t\t.tdi_2 .tdc-columns{\r\n\t\t\t\t    display: block;\r\n\t\t\t\t}.tdi_2 .tdc-columns{\r\n\t\t\t\t    width: 100%;\r\n\t\t\t\t}\n<\/style><div class=\"vc_column tdi_4  wpb_column vc_column_container tdc-column td-pb-span8\">\n<style scoped>\n\n\/* custom css *\/\n.tdi_4{\r\n                    vertical-align: baseline;\r\n                }.tdi_4 > .wpb_wrapper,\r\n\t\t\t\t.tdi_4 > .wpb_wrapper > .tdc-elements{\r\n\t\t\t\t    display: block;\r\n\t\t\t\t}.tdi_4 > .wpb_wrapper > .tdc-elements{\r\n\t\t\t\t    width: 100%;\r\n\t\t\t\t}.tdi_4 > .wpb_wrapper > .vc_row_inner{\r\n\t\t\t\t    width: auto;\r\n\t\t\t\t}.tdi_4 > .wpb_wrapper{\r\n\t\t\t\t    width: auto;\r\n\t\t\t\t    height: auto;\r\n\t\t\t\t}\n<\/style><div class=\"wpb_wrapper\" >[vc_column_text]\r\n<h6><a href=\"https:\/\/camarabaependi.mg.gov.br\/\">HOME<\/a> &gt; <a href=\"#\">PUBLICA\u00c7\u00d5ES<\/a> &gt; <a href=\"https:\/\/camarabaependi.mg.gov.br\/v4\/prestacao-de-contas\/\">PRESTA\u00c7\u00c3O DE CONTAS<\/a> DO MUNIC\u00cdPIO<\/h6>\r\n[\/vc_column_text][vc_text_separator title=&#8221;PRESTA\u00c7\u00c3O DE CONTAS DO MUNIC\u00cdPIO&#8221; title_align=&#8221;separator_align_left&#8221; align=&#8221;align_left&#8221;][vc_tta_tabs][vc_tta_section title=&#8221;2023&#8243; tab_id=&#8221;1748214053122-8aa6a7ce-731c&#8221;][vc_column_text]<!-- WPFB searchform --><form method=\"get\" class=\"td-search-form-widget\" action=\"\">     <div role=\"search\">         <input class=\"td-widget-search-input\" type=\"text\" value=\"\" name=\"wpfb_s\" id=\"s\" \/><input class=\"wpb_button wpb_btn-inverse btn\" type=\"submit\" id=\"searchsubmit\" value=\"Search\" \/>     <\/div> <\/form><!-- \/WPFB searchform -->\r\n<br>\r\n<table>\r\n<thead>\r\n\t<tr><th scope=\"col\"><a href=\"\/v4\/wp-json\/wp\/v2\/pages\/8396?wpfb_file_sort=&lt;file_name\">DESCRI\u00c7\u00c3O<\/a><\/th><th scope=\"col\"><a href=\"\/v4\/wp-json\/wp\/v2\/pages\/8396?wpfb_file_sort=&lt;file_size\">DOWNLOAD<\/a><\/th><\/tr>\r\n<\/thead>\r\n<tfoot>\r\n\t<tr><th scope=\"col\"><a href=\"\/v4\/wp-json\/wp\/v2\/pages\/8396?wpfb_file_sort=&lt;file_name\">DESCRI\u00c7\u00c3O<\/a><\/th><th scope=\"col\"><a href=\"\/v4\/wp-json\/wp\/v2\/pages\/8396?wpfb_file_sort=&lt;file_size\">DOWNLOAD<\/a><\/th><\/tr>\r\n<\/tfoot>\r\n<tbody><tr><td><a href=\"https:\/\/camarabaependi.mg.gov.br\/v4\/download\/prestacao_de_contas_-_2023\/EDICAO-1591-DIARIO-OFICIAL-DO-MUNICIPIO-EXTRA-30-04-2025-ASSINADA.pdf\">EDICAO-1591-DIARIO-OFICIAL-DO-MUNICIPIO-EXTRA-30-04-2025-ASSINADA<\/a><br><\/td><td><a href=\"https:\/\/camarabaependi.mg.gov.br\/v4\/download\/prestacao_de_contas_-_2023\/EDICAO-1591-DIARIO-OFICIAL-DO-MUNICIPIO-EXTRA-30-04-2025-ASSINADA.pdf\">Clique Aqui<\/a><\/td><\/tr><tr><td><a href=\"https:\/\/camarabaependi.mg.gov.br\/v4\/download\/prestacao_de_contas_-_2023\/DECRETO-LEGISLATIVO-204-2025-E-PUBLICACAO.pdf\">DECRETO LEGISLATIVO 204-2025 E PUBLICA\u00c7\u00c3O<\/a><br><\/td><td><a href=\"https:\/\/camarabaependi.mg.gov.br\/v4\/download\/prestacao_de_contas_-_2023\/DECRETO-LEGISLATIVO-204-2025-E-PUBLICACAO.pdf\">Clique Aqui<\/a><\/td><\/tr><tr><td><a href=\"https:\/\/camarabaependi.mg.gov.br\/v4\/download\/prestacao_de_contas_-_2023\/NOTIFICACAO-1.pdf\">NOTIFICA\u00c7\u00c3O 1<\/a><br><\/td><td><a href=\"https:\/\/camarabaependi.mg.gov.br\/v4\/download\/prestacao_de_contas_-_2023\/NOTIFICACAO-1.pdf\">Clique Aqui<\/a><\/td><\/tr><tr><td><a href=\"https:\/\/camarabaependi.mg.gov.br\/v4\/download\/prestacao_de_contas_-_2023\/PARECER-PREVIO-TCE-MG-CONTAS-DO-MUNICIPIO-2023.pdf\">PARECER PREVIO TCE-MG CONTAS DO MUNICIPIO 2023<\/a><br><\/td><td><a href=\"https:\/\/camarabaependi.mg.gov.br\/v4\/download\/prestacao_de_contas_-_2023\/PARECER-PREVIO-TCE-MG-CONTAS-DO-MUNICIPIO-2023.pdf\">Clique Aqui<\/a><\/td><\/tr><\/tbody>\r\n<\/table>\r\n<div class=\"tablenav-pages\"><\/div>[\/vc_column_text][\/vc_tta_section][vc_tta_section title=&#8221;2021&#8243; tab_id=&#8221;1748214053130-b13a7f04-8e71&#8243;][vc_column_text]<!-- WPFB searchform --><form method=\"get\" class=\"td-search-form-widget\" action=\"\">     <div role=\"search\">         <input class=\"td-widget-search-input\" type=\"text\" value=\"\" name=\"wpfb_s\" id=\"s\" \/><input class=\"wpb_button wpb_btn-inverse btn\" type=\"submit\" id=\"searchsubmit\" value=\"Search\" \/>     <\/div> <\/form><!-- \/WPFB searchform -->\r\n<br>\r\n<table>\r\n<thead>\r\n\t<tr><th scope=\"col\"><a href=\"\/v4\/wp-json\/wp\/v2\/pages\/8396?wpfb_file_sort=&lt;file_name\">DESCRI\u00c7\u00c3O<\/a><\/th><th scope=\"col\"><a href=\"\/v4\/wp-json\/wp\/v2\/pages\/8396?wpfb_file_sort=&lt;file_size\">DOWNLOAD<\/a><\/th><\/tr>\r\n<\/thead>\r\n<tfoot>\r\n\t<tr><th scope=\"col\"><a href=\"\/v4\/wp-json\/wp\/v2\/pages\/8396?wpfb_file_sort=&lt;file_name\">DESCRI\u00c7\u00c3O<\/a><\/th><th scope=\"col\"><a href=\"\/v4\/wp-json\/wp\/v2\/pages\/8396?wpfb_file_sort=&lt;file_size\">DOWNLOAD<\/a><\/th><\/tr>\r\n<\/tfoot>\r\n<tbody><tr><td><a href=\"https:\/\/camarabaependi.mg.gov.br\/v4\/download\/prestacao_de_contas_-_2021\/Parecer-Previo-TCE-MG-contas-do-municipio-2021.pdf\">Parecer Previo TCE MG Contas Do Munic\u00edpio 2021<\/a><br><\/td><td><a href=\"https:\/\/camarabaependi.mg.gov.br\/v4\/download\/prestacao_de_contas_-_2021\/Parecer-Previo-TCE-MG-contas-do-municipio-2021.pdf\">Clique Aqui<\/a><\/td><\/tr><\/tbody>\r\n<\/table>\r\n<div class=\"tablenav-pages\"><\/div>[\/vc_column_text][\/vc_tta_section][\/vc_tta_tabs]<\/div><\/div><div class=\"vc_column tdi_6  wpb_column vc_column_container tdc-column td-pb-span4\">\n<style scoped>\n\n\/* custom css *\/\n.tdi_6{\r\n                    vertical-align: baseline;\r\n                }.tdi_6 > .wpb_wrapper,\r\n\t\t\t\t.tdi_6 > .wpb_wrapper > .tdc-elements{\r\n\t\t\t\t    display: block;\r\n\t\t\t\t}.tdi_6 > .wpb_wrapper > .tdc-elements{\r\n\t\t\t\t    width: 100%;\r\n\t\t\t\t}.tdi_6 > .wpb_wrapper > .vc_row_inner{\r\n\t\t\t\t    width: auto;\r\n\t\t\t\t}.tdi_6 > .wpb_wrapper{\r\n\t\t\t\t    width: auto;\r\n\t\t\t\t    height: auto;\r\n\t\t\t\t}\n<\/style><div class=\"wpb_wrapper\" ><div class=\"wpb_wrapper td_block_empty_space td_block_wrap vc_empty_space tdi_8 \"  style=\"height: 25px\"><\/div><div class=\"wpb_wrapper td_block_wrap vc_widget_sidebar tdi_10 \" ><aside id=\"block-2\" class=\"td_block_template_1 widget block-2 widget_block widget_rss\"><ul class=\"wp-block-rss\"><li class='wp-block-rss__item'><div class='wp-block-rss__item-title'><a href='https:\/\/g1.globo.com\/mg\/sul-de-minas\/noticia\/2026\/04\/15\/policia-civil-indicia-companheiro-de-vitima-por-feminicidio-e-ocultacao-de-cadaver-em-varginha-mg.ghtml'>Pol\u00edcia Civil indicia companheiro de v\u00edtima por feminic\u00eddio e oculta\u00e7\u00e3o de cad\u00e1ver em Varginha, MG<\/a><\/div><time datetime=\"\" class=\"wp-block-rss__item-publish-date\">15 de abril de 2026<\/time> <\/li><li class='wp-block-rss__item'><div class='wp-block-rss__item-title'><a href='https:\/\/g1.globo.com\/mg\/sul-de-minas\/edicao\/2026\/04\/15\/videos-eptv-2-sul-de-minas-de-quarta-feira-15-de-abril-de-2026.ghtml'>V\u00cdDEOS: EPTV 2 Sul de Minas de quarta-feira, 15 de abril de 2026<\/a><\/div><time datetime=\"\" class=\"wp-block-rss__item-publish-date\">15 de abril de 2026<\/time> <\/li><li class='wp-block-rss__item'><div class='wp-block-rss__item-title'><a href='https:\/\/g1.globo.com\/mg\/sul-de-minas\/noticia\/2026\/04\/15\/caminhonete-de-prefeitura-do-norte-de-minas-e-apreendida-com-mercadorias-ilegais-na-fernao-dias.ghtml'>Caminhonete de prefeitura do Norte de Minas \u00e9 apreendida com mercadorias ilegais na Fern\u00e3o Dias<\/a><\/div><time datetime=\"\" class=\"wp-block-rss__item-publish-date\">15 de abril de 2026<\/time> <\/li><li class='wp-block-rss__item'><div class='wp-block-rss__item-title'><a href='https:\/\/g1.globo.com\/mg\/sul-de-minas\/noticia\/2026\/04\/15\/barato-da-cozinha-frango-com-mostarda-e-mel-e-opcao-economica-e-rende-ate-quatro-refeicoes.ghtml'>Barato da cozinha: frango com mostarda e mel \u00e9 op\u00e7\u00e3o econ\u00f4mica e rende at\u00e9 quatro refei\u00e7\u00f5es<\/a><\/div><time datetime=\"\" class=\"wp-block-rss__item-publish-date\">15 de abril de 2026<\/time> <\/li><li class='wp-block-rss__item'><div class='wp-block-rss__item-title'><a href='https:\/\/g1.globo.com\/mg\/sul-de-minas\/noticia\/2026\/04\/15\/justica-determina-interdicao-do-poco-secreto-por-exploracao-turistica-irregular-em-sao-tome-das-letras-mg.ghtml'>Justi\u00e7a determina interdi\u00e7\u00e3o do &#039;Po\u00e7o Secreto&#039; por explora\u00e7\u00e3o tur\u00edstica irregular em S\u00e3o Tom\u00e9 das Letras, MG<\/a><\/div><time datetime=\"\" class=\"wp-block-rss__item-publish-date\">15 de abril de 2026<\/time> <\/li><li class='wp-block-rss__item'><div class='wp-block-rss__item-title'><a href='https:\/\/g1.globo.com\/mg\/sul-de-minas\/edicao\/2026\/04\/15\/videos-eptv-1-sul-de-minas-de-quarta-feira-15-de-abril-de-2026.ghtml'>V\u00cdDEOS: EPTV 1 Sul de Minas de quarta-feira, 15 de abril de 2026<\/a><\/div><time datetime=\"\" class=\"wp-block-rss__item-publish-date\">15 de abril de 2026<\/time> <\/li><\/ul><\/aside><\/div><\/div><\/div><\/div><\/div>","protected":false},"excerpt":{"rendered":"\/* custom css *\/ .tdi_12, .tdi_12 .tdc-columns{ min-height: 0; }.tdi_12, .tdi_12 .tdc-columns{ display: block; }.tdi_12 .tdc-columns{ width: 100%; } \/* custom css *\/ .tdi_14{ vertical-align: baseline; }.tdi_14 > .wpb_wrapper, .tdi_14 > .wpb_wrapper > .tdc-elements{ display: block; }.tdi_14 > .wpb_wrapper > .tdc-elements{ width: 100%; }.tdi_14 > .wpb_wrapper > .vc_row_inner{ width: auto; }.tdi_14 > .wpb_wrapper{ width: auto; [...]","protected":false},"author":1,"featured_media":0,"parent":0,"menu_order":0,"comment_status":"closed","ping_status":"closed","template":"","meta":[],"_links":{"self":[{"href":"https:\/\/camarabaependi.mg.gov.br\/v4\/wp-json\/wp\/v2\/pages\/8396"}],"collection":[{"href":"https:\/\/camarabaependi.mg.gov.br\/v4\/wp-json\/wp\/v2\/pages"}],"about":[{"href":"https:\/\/camarabaependi.mg.gov.br\/v4\/wp-json\/wp\/v2\/types\/page"}],"author":[{"embeddable":true,"href":"https:\/\/camarabaependi.mg.gov.br\/v4\/wp-json\/wp\/v2\/users\/1"}],"replies":[{"embeddable":true,"href":"https:\/\/camarabaependi.mg.gov.br\/v4\/wp-json\/wp\/v2\/comments?post=8396"}],"version-history":[{"count":10,"href":"https:\/\/camarabaependi.mg.gov.br\/v4\/wp-json\/wp\/v2\/pages\/8396\/revisions"}],"predecessor-version":[{"id":8423,"href":"https:\/\/camarabaependi.mg.gov.br\/v4\/wp-json\/wp\/v2\/pages\/8396\/revisions\/8423"}],"wp:attachment":[{"href":"https:\/\/camarabaependi.mg.gov.br\/v4\/wp-json\/wp\/v2\/media?parent=8396"}],"curies":[{"name":"wp","href":"https:\/\/api.w.org\/{rel}","templated":true}]}}